{"id":167800,"date":"2022-02-01T11:39:34","date_gmt":"2022-02-01T10:39:34","guid":{"rendered":"http:\/\/sdih-sn.com.c51.previewmysite.eu\/?page_id=167800"},"modified":"2022-02-01T11:41:42","modified_gmt":"2022-02-01T10:41:42","slug":"achat","status":"publish","type":"page","link":"http:\/\/sdih-sn.com.c51.previewmysite.eu\/?page_id=167800","title":{"rendered":"Achat"},"content":{"rendered":"<div>Acheter un logement, qu&#8217;il s&#8217;agisse de son habitation principale ou secondaire ou encore d&#8217;un investissement locatif, est un acte impliquant, qui requiert du temps, de l&#8217;attention et de r\u00e9elles connaissances.<\/div>\n<div><\/div>\n<div>\n<p>C&#8217;est un investissement important. C&#8217;est aussi une nouvelle vie qui commence.<\/p>\n<p>Nos engagements:<\/p>\n<ul>\n<li><b><i>Un suivi personnalis\u00e9 aupr\u00e8s des acqu\u00e9reurs et des vendeurs;<\/i><\/b><\/li>\n<li><b><i>Des conseils techniques, juridiques et fiscaux;<\/i><\/b><\/li>\n<li><b><i>Une parfaite connaissance du march\u00e9;<\/i><\/b><\/li>\n<li><b><i>Une r\u00e9activit\u00e9 et une disponibilit\u00e9 de chaque instant;<\/i><\/b><\/li>\n<li><b><i>Une \u00e9quipe commerciale stable, exp\u00e9riment\u00e9e et salari\u00e9e.<\/i><\/b><\/li>\n<\/ul>\n<\/div>\n","protected":false},"excerpt":{"rendered":"<p>Acheter un logement, qu&#8217;il s&#8217;agisse de son habitation principale ou secondaire ou encore d&#8217;un investissement locatif, est un acte impliquant, qui requiert du temps, de l&#8217;attention et de r\u00e9elles connaissances. C&#8217;est un investissement important. C&#8217;est aussi une nouvelle vie qui commence. Nos engagements: Un suivi personnalis\u00e9 aupr\u00e8s des acqu\u00e9reurs et des vendeurs; Des conseils techniques, [&hellip;]<\/p>\n","protected":false},"author":1,"featured_media":167758,"parent":0,"menu_order":0,"comment_status":"closed","ping_status":"closed","template":"","meta":{"footnotes":""},"class_list":["post-167800","page","type-page","status-publish","has-post-thumbnail","hentry"],"_links":{"self":[{"href":"http:\/\/sdih-sn.com.c51.previewmysite.eu\/index.php?rest_route=\/wp\/v2\/pages\/167800","targetHints":{"allow":["GET"]}}],"collection":[{"href":"http:\/\/sdih-sn.com.c51.previewmysite.eu\/index.php?rest_route=\/wp\/v2\/pages"}],"about":[{"href":"http:\/\/sdih-sn.com.c51.previewmysite.eu\/index.php?rest_route=\/wp\/v2\/types\/page"}],"author":[{"embeddable":true,"href":"http:\/\/sdih-sn.com.c51.previewmysite.eu\/index.php?rest_route=\/wp\/v2\/users\/1"}],"replies":[{"embeddable":true,"href":"http:\/\/sdih-sn.com.c51.previewmysite.eu\/index.php?rest_route=%2Fwp%2Fv2%2Fcomments&post=167800"}],"version-history":[{"count":2,"href":"http:\/\/sdih-sn.com.c51.previewmysite.eu\/index.php?rest_route=\/wp\/v2\/pages\/167800\/revisions"}],"predecessor-version":[{"id":167802,"href":"http:\/\/sdih-sn.com.c51.previewmysite.eu\/index.php?rest_route=\/wp\/v2\/pages\/167800\/revisions\/167802"}],"wp:featuredmedia":[{"embeddable":true,"href":"http:\/\/sdih-sn.com.c51.previewmysite.eu\/index.php?rest_route=\/wp\/v2\/media\/167758"}],"wp:attachment":[{"href":"http:\/\/sdih-sn.com.c51.previewmysite.eu\/index.php?rest_route=%2Fwp%2Fv2%2Fmedia&parent=167800"}],"curies":[{"name":"wp","href":"https:\/\/api.w.org\/{rel}","templated":true}]}}